er when 179438 is divided by 59809?
11
What is the remainder when 6443 is divided by 163?
86
Calculate the remainder when 624 is divided by 267.
90
What is the remainder when 20876 is divided by 27?
5
What is the remainder when 2405907 is divided by 65?
62
What is the remainder when 17058 is divided by 4244?
82
What is the remainder when 39982 is divided by 6660?
22
Calculate the remainder when 1610 is divided by 57.
14
What is the remainder when 6412 is divided by 1664?
1420
What is the remainder when 11567 is divided by 330?
17
What is the remainder when 389044 is divided by 25?
19
Calculate the remainder when 123393 is divided by 424.
9
Calculate the remainder when 127104 is divided by 2398.
10
What is the remainder when 405715 is divided by 504?
499
What is the remainder when 9841 is divided by 18?
13
Calculate the remainder when 7242 is divided by 1444.
22
What is the remainder when 51789 is divided by 196?
45
What is the remainder when 121096 is divided by 30272?
8
What is the remainder when 67365 is divided by 1732?
1549
Calculate the remainder when 151844 is divided by 159.
158
What is the remainder when 512 is divided by 244?
24
What is the remainder when 1269 is divided by 1263?
6
What is the remainder when 7404 is divided by 23?
21
Calculate the remainder when 12493 is divided by 415.
43
Calculate the remainder when 31095 is divided by 10333.
96
Calculate the remainder when 305912 is divided by 53.
49
What is the remainder when 7583 is divided by 2522?
17
Calculate the remainder when 316248 is divided by 70.
58
Calculate the remainder when 1737754 is divided by 43.
38
Calculate the remainder when 23706 is divided by 11812.
82
Calculate the remainder when 9785663 is divided by 189.
188
Calculate the remainder when 8862 is divided by 8852.
10
What is the remainder when 60705 is divided by 21?
15
Calculate the remainder when 287 is divided by 138.
11
What is the remainder when 10633 is divided by 3533?
34
Calculate the remainder when 7007 is divided by 51.
20
What is the remainder when 9455 is divided by 44?
39
What is the remainder when 219787 is divided by 38?
33
What is the remainder when 113566 is divided by 13?
11
Calculate the remainder when 22959 is divided by 20.
19
What is the remainder when 385525 is divided by 572?
569
Calculate the remainder when 364974 is divided by 121654.
12
What is the remainder when 12028 is divided by 51?
43
What is the remainder when 5610 is divided by 190?
100
What is the remainder when 14662 is divided by 14591?
71
Calculate the remainder when 14357 is divided by 2048.
21
Calculate the remainder when 106885 is divided by 8.
5
What is the remainder when 2859001 is divided by 38?
33
Calculate the remainder when 360006 is divided by 44999.
14
What is the remainder when 8049 is divided by 132?
129
Calculate the remainder when 1825964 is divided by 70229.
10
What is the remainder when 294801 is divided by 76?
73
Calculate the remainder when 10041 is divided by 10036.
5
What is the remainder when 2911137 is divided by 405?
402
What is the remainder when 256918 is divided by 239?
232
What is the remainder when 154153 is divided by 4166?
11
What is the remainder when 7816 is divided by 917?
480
Calculate the remainder when 108355 is divided by 14.
9
What is the remainder when 15467 is divided by 26?
23
What is the remainder when 7528 is divided by 3636?
256
Calculate the remainder when 91279 is divided by 280.
279
What is the remainder when 3799 is divided by 32?
23
Calculate the remainder when 2485 is divided by 83.
78
Calculate the remainder when 13781 is divided by 3246.
797
What is the remainder when 1001988 is divided by 502?
498
Calculate the remainder when 60982 is divided by 1905.
22
Calculate the remainder when 420045 is divided by 122.
121
Calculate the remainder when 76634 is divided by 1094.
54
Calculate the remainder when 2132 is divided by 105.
32
Calculate the remainder when 22957 is divided by 673.
75
Calculate the remainder when 1308443 is divided by 36.
23
Calculate the remainder when 18279 is divided by 654.
621
Calculate the remainder when 11527 is divided by 25.
2
Calculate the remainder when 4051 is divided by 235.
56
Calculate the remainder when 2131 is divided by 84.
31
Calculate the remainder when 41392 is divided by 499.
474
What is the remainder when 130684 is divided by 23?
21
What is the remainder when 5201 is divided by 4089?
1112
Calculate the remainder when 8586 is divided by 43.
29
What is the remainder when 13025 is divided by 256?
225
What is the remainder when 24174 is divided by 155?
149
What is the remainder when 5378 is divided by 114?
20
Calculate the remainder when 579551 is divided by 7939.
4
What is the remainder when 49825 is divided by 1465?
15
What is the remainder when 270008 is divided by 9?
8
Calculate the remainder when 4440 is divided by 359.
132
Calculate the remainder when 34066 is divided by 1480.
26
Calculate the remainder when 264 is divided by 29.
3
What is the remainder when 150876 is divided by 184?
180
What is the remainder when 63124 is divided by 381?
259
Calculate the remainder when 1857 is divided by 69.
63
What is the remainder when 414 is divided by 57?
15
What is the remainder when 24313 is divided by 14?
9
Calculate the remainder when 9280 is divided by 1352.
1168
What is the remainder when 9161 is divided by 775?
636
Calculate the remainder when 10793 is divided by 450.
443
What is the remainder when 5188 is divided by 45?
13
What is the remainder when 526415 is divided by 1326?
1319
Calculate the remainder when 4119 is divided by 219.
177
Calculate the remainder when 2052 is divided by 111.
54
Calculate the remainder when 17632 is divided by 1082.
320
Calculate the remainder when 91714 is divided by 56.
42
Calculate the remainder when 124350 is divided by 17.
12
What is the remainder when 899 is divided by 172?
39
Calculate the remainder when 549 is divided by 18.
9
What is the remainder when 159025 is divided by 79?
77
What is the remainder when 5771 is divided by 2722?
327
Calculate the remainder when 16068 is divided by 8017.
34
Calculate the remainder when 710124 is divided by 16.
12
What is the remainder when 378690 is divided by 14023?
69
Calculate the remainder when 3990 is divided by 118.
96
What is the remainder when 2725 is divided by 35?
30
What is the remainder when 155240 is divided by 1242?
1232
Calculate the remainder when 328896 is divided by 1012.
1008
What is the remainder when 26335 is divided by 152?
39
What is the remainder when 77 is divided by 5?
2
Calculate the remainder when 13442 is divided by 278.
98
Calculate the remainder when 13041 is divided by 343.
7
What is the remainder when 3907 is divided by 779?
12
Calculate the remainder when 19781 is divided by 8.
5
Calculate the remainder when 961680 is divided by 14.
6
Calculate the remainder when 3267 is divided by 43.
42
What is the remainder when 84912 is divided by 37?
34
Calculate the remainder when 72859 is divided by 2914.
9
What is the remainder when 1923 is divided by 479?
7
What is the remainder when 88349 is divided by 29449?
2
What is the remainder when 20842 is divided by 3?
1
What is the remainder when 1139351 is divided by 40691?
3
Calculate the remainder when 434925 is divided by 272.
269
Calculate the remainder when 55482 is divided by 22.
20
What is the remainder when 70636 is divided by 28?
20
Calculate the remainder when 28611 is divided by 485.
481
Calculate the remainder when 358235 is divided by 107.
106
What is the remainder when 1934 is divided by 508?
410
What is the remainder when 947 is divided by 79?
78
Calculate the remainder when 162485 is divided by 54.
53
What is the remainder when 1352951 is divided by 43?
42
Calculate the remainder when 311150 is divided by 102.
50
What is the remainder when 52484 is divided by 36?
32
What is the remainder when 2705 is divided by 544?
529
What is the remainder when 85678 is divided by 80?
78
Calculate the remainder when 57288 is divided by 1640.
1528
What is the remainder when 3137 is divided by 447?
8
What is the remainder when 242421 is divided by 1036?
1033
Calculate the remainder when 174672 is divided by 21.
15
Calculate the remainder when 1566 is divided by 253.
48
What is the remainde